d 124?
4
Let s(w) = 390*w + 8588. Let f be s(-22). Calculate the greatest common factor of f and 974.
2
Suppose 1308*d - 1317*d = -288. Let y = -11 + 23. Calculate the highest common factor of d and y.
4
Let l(n) = 111*n + 168. Let d be l(2). Let r(z) = -61*z + 7. Let y be r(-5). What is the greatest common factor of y and d?
78
Suppose 0 = -2*f + 8, -6*f + 4*f = -q + 226. What is the highest common divisor of 1098 and q?
18
Let w(t) = 12*t**3 + 2*t**2 + 19*t - 49. Let h be w(2). Suppose 3*p = 240 + 225. What is the greatest common factor of h and p?
31
Let g(a) = 9*a + 19 - 1 + 3*a - 17*a. Let o be g(3). Suppose o*u - 6 - 126 = -5*j, 0 = 5*j - 2*u - 112. Calculate the highest common divisor of j and 8.
8
Suppose 0 = -44*b + 46*b + 4*r - 334, -4*b + 658 = -2*r. Calculate the greatest common divisor of b and 5.
5
Suppose -q = -4*f - 122, -225 - 896 = -8*q + 3*f. Calculate the highest common divisor of q and 2414.
142
Let t(n) = 3*n**2 + 35*n - 444. Let j be t(12). What is the greatest common factor of 72 and j?
24
Suppose -9*v - 80 = -4*v. Let o = 23 + v. Suppose -72 = 4*i - o*i. What is the greatest common divisor of 216 and i?
24
Let w be 9/(-36) + (-916)/(-16). Calculate the highest common divisor of 6992 and w.
19
Let n(x) = x**3 - 4*x**2 + 68*x - 779. Let o be n(13). Calculate the highest common divisor of 78 and o.
6
Let f be 32/12*9/1. Suppose 253 = -2*c - l, 0*l - 238 = 2*c - 2*l. Let m = c + 184. Calculate the greatest common factor of f and m.
12
Let a be (-152)/570 - (-8828)/30. Let f = 181 + -118. Calculate the greatest common divisor of a and f.
21
Let b(o) = 114*o**3 - 4*o**2 + 4*o - 1. Let v be b(1). What is the highest common divisor of 3 and v?
1
Let k = -27 - -21. Let v(q) = -q**3 - 6*q**2 + q + 7. Let n be v(k). Let c(x) = 10*x**2 + 3*x - 2. Let f be c(1). What is the highest common divisor of f and n?
1
Let i = -105 - -161. Suppose -18*w - 1783 = -22*w - 3*k, 3*k + 457 = w. What is the highest common factor of w and i?
56
Let x(h) = 15*h + 81. Let c be x(-7). Let p(q) = 3*q**2 + 35*q - 42. Let l be p(c). What is the highest common factor of 18 and l?
18
Let h = -2965 - -3273. What is the greatest common factor of 209 and h?
11
Let t = -62 + 109. Let w = -27 + t. Let h = 668 - 508. Calculate the highest common divisor of h and w.
20
Suppose -126*r - 3*r = -27993. Calculate the greatest common factor of r and 1457.
31
Let r(a) = 12*a**2 + 53*a - 12. Let p be r(-5). Calculate the greatest common divisor of 21367 and p.
23
Suppose o - 193 = 91. Suppose 2*h + 3*w - 493 = 0, 5*h - 744 - 492 = -4*w. Suppose o = 14*d - h. What is the greatest common factor of 57 and d?
19
Suppose -2*u = 5*q + 17, 0 = u + q + 1 + 3. Let m be u - (3/(-2) + 9/(-6)). Let z be ((-9)/6)/(m/(-68)). Calculate the highest common factor of z and 34.
17
Let t be 32/624 + (-60838)/(-39). Calculate the greatest common factor of 640 and t.
40
Let s = -4730 + 4927. Calculate the greatest common divisor of s and 1.
1
Let w be (6/(-3))/(2/(-43)). Suppose -151*p - 5352 + 5599 = -19232. Calculate the greatest common factor of p and w.
43
Suppose 2*m - 64 - 252 = -4*b, 0 = -b + 4*m + 79. Let i = b + -14. Let q = 131 - i. Calculate the highest common factor of 6 and q.
6
Suppose 343*u = 363*u - 1640. Calculate the highest common divisor of 23329 and u.
41
Let l = 8 - 0. Let i be (-8)/l + (-68)/(-4). Calculate the highest common factor of i and 400.
16
Suppose -49*g - 53 = -52*g + 5*s, -5*g - 5*s = -155. What is the greatest common divisor of g and 2990?
26
Let b be (-6 - 30)*91/(-6)*20/70. Let i be -2*(-3)/6 - -116. Calculate the highest common factor of i and b.
39
Suppose -4662 + 28757 = 5*i - 6190. Calculate the greatest common factor of 36 and i.
9
Suppose 41 + 13 = 9*t. Let o = 36 + -62. Let b be 2/((-8)/o)*12. What is the highest common factor of t and b?
6
Suppose -7*v + 6*v + 52 = 5*f, 4*f - 155 = -5*v. Let j(l) = 11*l - 281. Let y be j(28). What is the highest common factor of y and v?
27
Suppose -2*a = 4*a - 1044. Let t = a - 48. Suppose -2*u + 155 - 6 = 3*o, 2*o - t = 4*u. What is the greatest common divisor of o and 530?
53
Let t(v) = 692*v - 10311. Let a be t(15). Calculate the greatest common factor of a and 12581.
23
Let s(h) = 9*h**3 - 11*h**2 + 107*h + 10. Let l be s(6). Calculate the highest common factor of l and 320.
40
Suppose -14*y = -4*w - 17*y + 587, 0 = -w - 3*y + 167. Calculate the greatest common divisor of w and 63.
7
Suppose -5*k = -315 - 50. Suppose -109*v = 441*v - 83600. Suppose 69*b + v = k*b. Calculate the highest common factor of 266 and b.
38
Let j = -95 + 93. Let a be 146/4 + j/4*1. What is the greatest common factor of 36 and a?
36
Let k(t) = -3*t**2 + 16*t. Let b be k(5). Let o be ((-189)/(-81))/(b/(-6) + 1). Let g = -6 + 13. What is the highest common divisor of o and g?
7
Let v be (6240/(-288))/((-2)/3516). What is the highest common divisor of 26 and v?
26
Suppose 0*p + 18 = 2*p. Let s = 8 + -10. Let y(h) = 8*h**2 - 2*h. Let w be y(s). What is the highest common factor of w and p?
9
Suppose -5*d - 5*o = -70, -1027 + 1075 = 3*d + o. Let z(a) = 1036*a**3 + a**2 + a - 1. Let c be z(1). What is the greatest common divisor of d and c?
17
Suppose 5*i = 3*f - 343, 0*i - 351 = 5*i - f. Let l = -67 - i. Suppose -a - 5*u = -75, -a - l*u + 77 = -u. Calculate the greatest common divisor of 16 and a.
16
Suppose 44629*p - 297772 = 44571*p. What is the greatest common factor of 374 and p?
34
Suppose -12*s - 3*s = -1980. Let a be 98/(-21)*(-54)/21. Calculate the highest common factor of a and s.
12
Let x(b) = 11*b**2 + 219 - 3*b + b**2 - 216. Let o be x(-3). What is the greatest common divisor of 6 and o?
6
Let u = 97 - -513. Calculate the greatest common factor of 793 and u.
61
Suppose b + 11*b = 2628. Let g = 250 - b. Calculate the greatest common divisor of g and 2.
1
Let t = 19572 + -11352. What is the highest common divisor of 24 and t?
12
Suppose 0 = -455*k + 460*k + 15, -5*k = i - 21636. What is the greatest common factor of i and 21?
21
Let z = 843 + -1156. Let o = -225 - z. Calculate the highest common factor of 242 and o.
22
Suppose 1623*i - 5*w = 1624*i - 574, 2371 = 4*i - 5*w. What is the greatest common factor of i and 19?
19
Let d(s) = -s**2 - 4*s - 92. Let f be d(-20). Let c = f + 443. Calculate the highest common divisor of 1 and c.
1
Let m be -110*(8811/(-45))/11. Calculate the greatest common factor of m and 22.
22
Let v = 21 - -14. Let n = 128 - v. Let r = -81 + n. What is the greatest common factor of r and 48?
12
Let o = 747 - 709. Let b(d) = -13*d + 3. Let i be b(-10). What is the highest common factor of o and i?
19
Let n = 2227 - 677. Calculate the highest common factor of n and 50.
50
Suppose -17*g + 18*g = 8. Suppose -15*r + 4520 + 1120 = 0. What is the highest common factor of r and g?
8
Suppose -196*m + 31392 = 240*m. Let l be (-278)/(-7) + (-4)/(-14). Calculate the greatest common divisor of m and l.
8
Let r be (79/158)/(1 + 262/(-260)). Let m be (-13)/r*(1 - -114). What is the highest common divisor of 46 and m?
23
Suppose -9*w = 5*h - 5*w + 15, 24 = -h - 5*w. Let b be (-4 - 25/10)*-2*h. What is the highest common factor of b and 65?
13
Let i(l) = -l**3 - 45*l**2 - 48*l + 152. Let o be i(-44). Suppose 2*t - 252 = o. Calculate the highest common divisor of 116 and t.
58
Let t = 140 - 92. Let u be (t/56)/(-2*1/(-56)). Suppose v = -4*p + 76, 4*v - 2*p = 3*p + 283. What is the highest common factor of v and u?
24
Let v(l) = -33*l - 25. Let x(d) = -35*d - 27. Let z(u) = -7*v(u) + 6*x(u). Let s be z(1). Calculate the greatest common factor of 340 and s.
34
Suppose 3*u - 5*v - 616 + 168 = 0, -5*v + 488 = 3*u. Let x = u - -61. Calculate the highest common divisor of x and 31.
31
Suppose -9*c + 632 = -17*c. Let w = c - -95. Calculate the highest common divisor of 2 and w.
2
Suppose -8*y = c - 3*y - 15, -2*c = -3*y - 4. Let a(x) = 4*x**3 + 7*x**2 - x - 10. Let i be a(c). What is the highest common factor of 60 and i?
60
Suppose -122*d = 137*d - 58*d - 4020. Calculate the highest common divisor of d and 1900.
20
Suppose -64*m = -5*p - 66*m + 11301, 4*p = -4*m + 9036. Calculate the greatest common factor of 85 and p.
17
Let h(d) = 6*d + 155. Suppose 75 = -5*t - 10. Let r be h(t). What is the greatest common factor of r an